ided by 20.
8
Let x = 65 - 139. Let a = -52 - x. What is the remainder when 130 is divided by a?
20
Suppose 9*x - 809 = 144 - 125. What is the remainder when 13244 is divided by x?
88
Let s(r) = 47*r - 490. Calculate the remainder when 213 is divided by s(11).
24
Let u be ((-39)/4)/(2/8). Let t = 694 - 745. Let o = u - t. What is the remainder when o is divided by 8?
4
Let b(g) = g**3 + 12*g**2 - 36*g - 10. Let t be b(7). Suppose 0 = -19*r + 2580 + t. Calculate the remainder when r is divided by 38.
19
Suppose 47*r = 40*r + 203. Let w = 96 - r. Calculate the remainder when w is divided by 8/(-36) + 627/27.
21
Let p(q) = 4*q - 69. Let y be p(21). Suppose -i - 196 = -y*i. Calculate the remainder when 445 is divided by i.
11
Let q = -10643 - -10757. What is the remainder when 812 is divided by q?
14
Let l(w) = 57*w**2 + 24*w + 26. Suppose 2*d + 91 - 317 = 0. Calculate the remainder when d is divided by l(-1).
54
Let q be (14/6 - 5)*-3. Suppose -20*j = -q*j - 1908. What is the remainder when j is divided by 27?
24
Let d = -1178 + 1230. What is the remainder when 220 is divided by d?
12
Suppose -d = s - 32, -d + 60 = 2*s + 3*d. Suppose 120*w - 2 = 119*w. Suppose f - 10 = -p + 5, w*p - 33 = -f. What is the remainder when s is divided by p?
16
Let i(y) = 6*y**3 + 9*y**2 - 33*y + 125. What is the remainder when i(4) is divided by 346?
175
Let t = -14 + 39. Suppose 5*r - t = 25. Let s(m) = 6*m**2 - 71*m - 137. Calculate the remainder when s(-2) is divided by r.
9
Let s(w) = 2*w + 4. What is the remainder when (-546)/63*111/(-13) is divided by s(0)?
2
Suppose -127*i - 82277 = -346310. What is the remainder when i is divided by 16?
15
Suppose -5*x - 3*z = -776, -26*z + 21*z = x - 186. Calculate the remainder when x is divided by 67.
17
Let t = -3657 + 4775. What is the remainder when t is divided by 304?
206
Let n = 23 - 19. Suppose n*m + f - 128 = 51, -5*m + 5*f + 205 = 0. Calculate the remainder when m is divided by ((-48)/2)/((-3)/2).
12
Suppose 5*i + d - 399 = 0, -20*d + 18*d = -5*i + 402. Calculate the remainder when i is divided by 47.
33
Suppose 0 = 21*g - 29*g - 1088. Let j = 146 + g. Calculate the remainder when 77 is divided by j.
7
Suppose -10*v + 2*v = -32. Suppose 3*g = v*f - 28, 2*g = 2*f - 12 - 2. Calculate the remainder when 33 is divided by -1 + 1 + 11 + -6 + f.
9
Suppose 72*l + 5225 = 97*l. Calculate the remainder when l is divided by 121.
88
Suppose -2*v - 50 - 62 = 0. Let j be 22*((-18)/8)/(12/v). Let f = 389 - j. Calculate the remainder when f is divided by 16.
14
Suppose 4*u = -4*x + 28, 4*x = 5*u + x - 75. Suppose -5*t = 3*h - 117 - 35, 5*t + 10 = 0. Let m = h - u. Calculate the remainder when m is divided by 17.
8
Let w be 61183/(-183) + (-2)/3. Let c = w + 371. Let s = -25 + 167. What is the remainder when s is divided by c?
34
Suppose 94 = d - 5*h + 2*h, -4*d + 397 = -5*h. Suppose -30 = 102*r - d*r. What is the remainder when r is divided by 11?
8
Suppose 682 = 5*s + 4*y - 640, -3*y - 1371 = -5*s. What is the remainder when s is divided by 16?
14
Let o = 11043 - 10611. Calculate the remainder when o is divided by 58.
26
Let m be 3/(-4)*-6 + 5/(-10). Suppose m*p - 255 = -3*c, -3*c + 38 = p - 28. Let r = p + -56. Calculate the remainder when r is divided by 1.
0
Let d(w) be the third derivative of w**5/15 + 5*w**4/24 - w**3/6 + 4*w**2. What is the remainder when 3/(-1)*584/24*-2 is divided by d(3)?
46
Calculate the remainder when 3289 is divided by (-196)/(-539) + (-365)/(-55).
6
Let v be 2*(-4)/(-5 - 3) - 0. Suppose -10 = 3*z + 2*z, -98 = -3*y - 2*z. Calculate the remainder when y is divided by v*2/(-2) + (0 - -10).
7
Suppose -d + 210 = 207. Let o(w) = 14*w**2 - 30*w - 5. What is the remainder when 370 is divided by o(d)?
29
Suppose 8*a + 24 - 136 = 0. Suppose 1039*c - 1047*c + 536 = 0. What is the remainder when c is divided by a?
11
Let c = 4805 + -4792. Let g(s) = s**2 - 2*s - 4. Let l be g(-4). What is the remainder when c/(-5) + 3 - (-192)/l is divided by 8?
2
Let m(o) = 8*o + 48. Calculate the remainder when m(22) is divided by -57*3*(-4)/18.
34
Let o(q) = 3*q - 6. Let c(s) = 14*s - 24. Let n(t) = 2*c(t) - 9*o(t). Calculate the remainder when 7 is divided by n(0).
1
Let b = 389 - 195. Suppose -2553 = -21*i - 16*i. What is the remainder when i is divided by (-2)/8 + b/8?
21
Let s(r) = r**2 + 79*r - 101. Suppose -c - 3*c + 36 = 0. What is the remainder when s(-81) is divided by c?
7
Let z(n) = -2*n + 14. Let d be z(-3). Suppose 4*s - d = 4. Suppose -m + 5 = -l + 2*l, 2*m - 28 = 4*l. What is the remainder when m is divided by s?
2
Let x(a) = -a**3 - 5*a**2 + 7*a + 14. Let p be x(-6). Let f(q) = 6 + p - 22 + 9*q + q**2. Calculate the remainder when 26 is divided by f(-11).
12
Let s = 15721 - 15464. Calculate the remainder when 1235 is divided by s.
207
Let h(b) = 183*b - 3451. Calculate the remainder when 450 is divided by h(19).
8
Let i = -373 + 425. Calculate the remainder when 726 is divided by i.
50
Let b(w) = -6*w**2 - w - 11. Let a be b(8). Let f = a - -827. Suppose -3*l - l = -f. Calculate the remainder when l is divided by 27.
25
Let m(k) = -28*k + 127. Let t = -731 + 735. What is the remainder when 156 is divided by m(t)?
6
Let d = -1990 - -3994. Suppose 7*t + d = 2158. What is the remainder when 258/(-4)*(-3 + 1) is divided by t?
19
Let h(n) = -n + 20. Suppose 50*d - 53*d - 36 = 0. What is the remainder when 55 is divided by h(d)?
23
Let b(r) = 40*r + 246. Let f be b(-6). Let s(w) = -w**3 + 8*w**2 + 7*w + 19. What is the remainder when s(f) is divided by 68?
65
Let x(c) = c + 8*c**2 + c - 3*c + 11*c. Calculate the remainder when x(-5) is divided by 9.
6
Let t = -800 - -803. Suppose -5*f + t*n + 152 = 0, 3*n + 118 = 4*f - 6. What is the remainder when f is divided by 26?
2
Suppose -15 = 3*o, 0 = -4*q + o - 167 - 144. Let t = q + 129. Let i = t - 6. What is the remainder when i is divided by 15?
14
Suppose -2*k + 11 = 3*t, 2*t - 3 = -3*k + 1. Suppose -2*v = 5*a - 200, 0 = -t*a + 10 - 0. Calculate the remainder when v is divided by 51.
44
Suppose 3*x = -2*f + 180, 0*f - 302 = -5*x - 4*f. Let z(c) = c**2 + 2*c - 3. What is the remainder when x is divided by z(-6)?
16
Let t = 178 - 160. Suppose -20 = -2*y + 2*m, -t*m + 50 = 3*y - 17*m. Calculate the remainder when 45 is divided by y.
0
Let v(u) = -u**3 + 26*u**2 - 27*u + 168. What is the remainder when 4599 is divided by v(25)?
115
Let x = 20 - -113. Let c = -129 + x. Suppose c*n - 65 + 33 = 0. Calculate the remainder when 25 is divided by n.
1
Calculate the remainder when 1122 is divided by 11 + (-220)/(-11) - 11.
2
Suppose -p - 3*p - t + 25 = 0, 0 = 5*p + 4*t - 45. Let k be (-5)/p*-1345*1. Suppose -11*o + 1064 + k = 0. Calculate the remainder when o is divided by 44.
43
Let h be ((-30)/18)/(2/(-132)). Suppose -3*k - h = 4*j + 53, 3*j + 115 = 5*k. Let y = j - -52. What is the remainder when 46 is divided by y?
10
Let u(k) = 5*k**3 + 3*k**2 + 16*k + 9. Calculate the remainder when u(5) is divided by 81.
60
Suppose 2*b = 3*b - 15. Let x = -59473 + 59545. What is the remainder when x is divided by b?
12
Suppose w - 16 - 145 = -3*j, 5*j + 20 = 0. Let i = w + -158. Suppose -5*c + 18 = -37. What is the remainder when i is divided by c?
4
What is the remainder when 3603 is divided by (-34)/374 - (-10761)/33?
17
Suppose -155*i + 5619 + 10501 = 0. Calculate the remainder when 323 is divided by i.
11
Let t(f) = -f**3 + 3 + 0*f - 10*f**2 + 8*f + 7 + 3*f**2. Let l = 238 + -246. Calculate the remainder when 27 is divided by t(l).
7
Suppose -127 - 74 = -3*n. Calculate the remainder when n is divided by 47/(-188) + (-705)/(-20).
32
Let y = 2952 - 2933. Calculate the remainder when 339 is divided by y.
16
Suppose -q - 2*n = 20, 4*q - q = 4*n - 60. Let p be (-1 - 3) + (q - -79). Suppose 0 = -50*x + p*x - 120. What is the remainder when x is divided by 9?
6
Let k(r) = 3*r**2 - 3*r + 9. Suppose -7*g = 409 - 437. Calculate the remainder when 118 is divided by k(g).
28
Let f = -30880 - -30894. Calculate the remainder when 12039 is divided by f.
13
Let z(n) = 217*n - 24. Let v be z(1). What is the remainder when 98 is divided by v/13 + -1 + 150/130?
8
What is the remainder when 305 is divided by (-48 - (-18)/(-3))/(4/(-6))?
62
Let k(m) = m. Let u(l) = -l - 50. Let f(j) = k(j) - u(j). What